divided by 1019277.
8
What is the remainder when 1393905 is divided by 344?
17
Calculate the remainder when 92038 is divided by 91993.
45
Calculate the remainder when 4557969 is divided by 64.
17
What is the remainder when 26592250 is divided by 6648062?
2
Calculate the remainder when 1497 is divided by 74.
17
Calculate the remainder when 95434 is divided by 94579.
855
Calculate the remainder when 3813304 is divided by 5.
4
Calculate the remainder when 4010482 is divided by 18.
10
Calculate the remainder when 11039649 is divided by 234.
231
What is the remainder when 535786 is divided by 267869?
48
What is the remainder when 5958948 is divided by 1921?
6
Calculate the remainder when 5258118 is divided by 1834.
40
Calculate the remainder when 4364304 is divided by 17.
13
What is the remainder when 142766 is divided by 71322?
122
What is the remainder when 121150 is divided by 17093?
1499
Calculate the remainder when 20606504 is divided by 24857.
51
Calculate the remainder when 2163429461 is divided by 4718.
4715
What is the remainder when 35948855 is divided by 4?
3
What is the remainder when 23051 is divided by 405?
371
What is the remainder when 83410068 is divided by 545?
543
Calculate the remainder when 73372305 is divided by 5064.
9
What is the remainder when 8975322 is divided by 40?
2
Calculate the remainder when 135405 is divided by 122.
107
Calculate the remainder when 1142718 is divided by 1075.
1068
Calculate the remainder when 13232903 is divided by 383.
253
Calculate the remainder when 67560331 is divided by 18.
13
Calculate the remainder when 3168072 is divided by 686.
124
Calculate the remainder when 2640049 is divided by 66001.
9
What is the remainder when 497474 is divided by 1353?
923
Calculate the remainder when 102512 is divided by 6756.
1172
What is the remainder when 2692902877 is divided by 20?
17
What is the remainder when 1370448 is divided by 214?
206
Calculate the remainder when 195465 is divided by 1094.
733
What is the remainder when 1734176 is divided by 867065?
46
What is the remainder when 9086217 is divided by 16?
9
What is the remainder when 27628506 is divided by 626?
622
Calculate the remainder when 4066697 is divided by 33889.
17
Calculate the remainder when 647751 is divided by 89.
9
What is the remainder when 335491463 is divided by 308?
307
What is the remainder when 754376 is divided by 377178?
20
Calculate the remainder when 470821 is divided by 234106.
2609
What is the remainder when 82831756 is divided by 27610585?
1
Calculate the remainder when 652709 is divided by 27196.
5
Calculate the remainder when 519312597 is divided by 2700.
2697
Calculate the remainder when 4626160 is divided by 3274.
3272
What is the remainder when 1774452 is divided by 1606?
1428
What is the remainder when 198265621 is divided by 101?
96
What is the remainder when 1473004 is divided by 2376?
2260
What is the remainder when 2244663 is divided by 169?
5
What is the remainder when 4178 is divided by 686?
62
What is the remainder when 821244 is divided by 143?
138
Calculate the remainder when 26087606 is divided by 63.
62
What is the remainder when 196127816 is divided by 24515977?
0
What is the remainder when 320844494 is divided by 76?
6
What is the remainder when 103010 is divided by 6429?
146
Calculate the remainder when 72818098 is divided by 12.
10
What is the remainder when 67691245 is divided by 940156?
13
What is the remainder when 18036 is divided by 17876?
160
Calculate the remainder when 4860931 is divided by 340.
291
Calculate the remainder when 4153682 is divided by 2076795.
92
What is the remainder when 1710261 is divided by 7341?
7149
What is the remainder when 10396131 is divided by 882?
879
Calculate the remainder when 562343289 is divided by 18.
15
Calculate the remainder when 162654 is divided by 81325.
4
Calculate the remainder when 87828636 is divided by 237.
228
Calculate the remainder when 48199612 is divided by 82.
12
Calculate the remainder when 10701283 is divided by 118903.
13
What is the remainder when 521512 is divided by 862?
2
Calculate the remainder when 24574365 is divided by 607.
577
Calculate the remainder when 3963903 is divided by 70.
13
What is the remainder when 332487 is divided by 788?
739
What is the remainder when 60883700 is divided by 268?
264
Calculate the remainder when 713800 is divided by 31011.
547
Calculate the remainder when 10373621 is divided by 846.
815
Calculate the remainder when 1054558 is divided by 480.
478
Calculate the remainder when 9183307 is divided by 3061048.
163
Calculate the remainder when 1419466 is divided by 311.
62
Calculate the remainder when 3283082 is divided by 12927.
12551
Calculate the remainder when 818703 is divided by 5932.
87
Calculate the remainder when 10719096 is divided by 79991.
302
Calculate the remainder when 2961179 is divided by 7.
4
Calculate the remainder when 2262037 is divided by 753697.
946
What is the remainder when 333791 is divided by 529?
521
Calculate the remainder when 42318 is divided by 1145.
1098
Calculate the remainder when 34115874 is divided by 401.
398
What is the remainder when 935964 is divided by 931449?
4515
Calculate the remainder when 110784 is divided by 110748.
36
Calculate the remainder when 774510 is divided by 128946.
834
Calculate the remainder when 77097379 is divided by 111.
109
What is the remainder when 798743 is divided by 159737?
58
Calculate the remainder when 157834707 is divided by 9405.
9402
Calculate the remainder when 4755523 is divided by 3.
1
What is the remainder when 827255 is divided by 324?
83
Calculate the remainder when 1061506 is divided by 359.
302
Calculate the remainder when 1026930 is divided by 25026.
864
Calculate the remainder when 858072558 is divided by 2480.
2478
What is the remainder when 2241014 is divided by 8521?
8512
Calculate the remainder when 628002509 is divided by 106.
103
Calculate the remainder when 427826 is divided by 242.
212
What is the remainder when 1668154 is divided by 25275?
4
Calculate the remainder when 95994 is divided by 95939.
55
Calculate the remainder when 432065359 is divided by 94.
93
Calculate the remainder when 1147424 is divided by 28685.
24
Calculate the remainder when 34100210 is divided by 36.
2
Calculate the remainder when 41889 is divided by 1804.
397
What is the remainder when 13051464 is divided by 87?
72
What is the remainder when 2522811 is divided by 72?
3
Calculate the remainder when 349461 is divided by 2076.
693
Calculate the remainder when 77372 is divided by 25611.
539
Calculate the remainder when 4558109 is divided by 30.
29
What is the remainder when 1449133 is divided by 219?
10
Calculate the remainder when 34005 is divided by 5649.
111
What is the remainder when 8516352 is divided by 47?
46
Calculate the remainder when 20606205 is divided by 24.
21
Calculate the remainder when 5102354 is divided by 850390.
14
Calculate the remainder when 5294195 is divided by 41685.
200
What is the remainder when 1056221 is divided by 45?
26
Calculate the remainder when 165906 is divided by 27574.
462
Calculate the remainder when 1484671 is divided by 12270.
1
Calculate the remainder when 2628270 is divided by 875945.
435
Calculate the remainder when 51472 is divided by 24433.
2606
Calculate the remainder when 727784423 is divided by 18.
17
Calculate the remainder when 25066 is divided by 12437.
192
What is the remainder when 2735 is divided by 182?
5
What is the remainder when 18568105 is divided by 6189335?
100
What is the remainder when 136602 is divided by 64784?
7034
Calculate the remainder when 5054020 is divided by 1263161.
1376
What is the remainder when 55276249 is divided by 155?
149
Calculate the remainder when 7702471 is divided by 116.
71
What is the remainder when 859592 is divided by 214894?
16
What is the remainder when 123975 is divided by 61197?
1581
What is the remainder when 160118 is divided by 22863?
77
What is the remainder when 65215 is divided by 5?
0
What is the remainder when 282525318 is divided by 868?
866
Calculate the remainder when 4939802 is divided by 99.
98
Calculate the remainder when 1684522 is divided by 508.
502
What is the remainder when 452555 is divided by 41135?
70
What is the remainder when 503